a multiple of 305?
False
Is 878007 a multiple of 47?
True
Is 24 a factor of 70310?
False
Does 146 divide 441548?
False
Is 19 a factor of 393108?
False
Does 25 divide 8675450?
True
Is 2 a factor of 386347?
False
Is 13939124 a multiple of 15?
False
Does 29 divide 1393044?
True
Is 111366 a multiple of 46?
True
Does 21 divide 607299?
True
Is 8 a factor of 205040?
True
Is 18 a factor of 2944008?
True
Does 465 divide 5640686?
False
Does 39 divide 514707?
False
Is 114268 a multiple of 15?
False
Does 141 divide 81639?
True
Does 63 divide 525118?
False
Is 42 a factor of 6249775?
False
Does 46 divide 2804068?
True
Is 1071855 a multiple of 117?
False
Is 180 a factor of 4659300?
True
Is 148 a factor of 304584?
True
Is 840 a factor of 1144539?
False
Is 7 a factor of 100459?
False
Does 79 divide 239212?
True
Does 45 divide 1020729?
False
Does 41 divide 170642?
True
Is 13 a factor of 21632?
True
Is 122433 a multiple of 37?
True
Is 72 a factor of 6984?
True
Is 8770009 a multiple of 641?
False
Does 6 divide 17915?
False
Is 5 a factor of 2115615?
True
Is 359480 a multiple of 55?
True
Is 530766 a multiple of 117?
False
Is 22 a factor of 135014?
True
Does 15 divide 6928469?
False
Is 6237756 a multiple of 28?
True
Is 242 a factor of 1693516?
True
Is 5 a factor of 15275?
True
Does 7 divide 521437?
True
Does 14 divide 117810?
True
Does 15 divide 227040?
True
Does 806 divide 4664322?
True
Does 2336 divide 21710771?
False
Is 706 a factor of 191326?
True
Is 347 a factor of 20126?
True
Is 21 a factor of 70850?
False
Does 322 divide 767400?
False
Is 911495 a multiple of 712?
False
Is 207036 a multiple of 54?
True
Is 315 a factor of 124942?
False
Is 5 a factor of 1518422?
False
Is 74 a factor of 205350?
True
Is 10 a factor of 238082?
False
Is 111358 a multiple of 26?
True
Is 9 a factor of 1017324?
True
Is 543328 a multiple of 104?
False
Is 30 a factor of 664796?
False
Is 46 a multiple of 2?
True
Is 130012 a multiple of 66?
False
Does 4 divide 57048?
True
Is 57 a factor of 48032?
False
Is 824 a factor of 2657400?
True
Is 11771 a multiple of 39?
False
Is 56779 a multiple of 32?
False
Does 47 divide 116226?
False
Does 44 divide 213312?
True
Is 1288633 a multiple of 6?
False
Is 21 a factor of 54710?
False
Is 340767 a multiple of 27?
True
Is 88539 a multiple of 4?
False
Is 22881 a multiple of 263?
True
Is 35 a factor of 2041752?
False
Is 227868 a multiple of 51?
True
Does 396 divide 19635972?
False
Does 118 divide 71744?
True
Is 57 a factor of 1482285?
True
Is 364239 a multiple of 241?
False
Is 463689 a multiple of 780?
False
Is 207441 a multiple of 117?
True
Is 8025503 a multiple of 9?
False
Does 10 divide 96433?
False
Does 94 divide 11453213?
False
Is 788 a factor of 505108?
True
Is 363154 a multiple of 733?
False
Is 9678 a multiple of 23?
False
Is 2145927 a multiple of 205?
False
Is 1533165 a multiple of 64?
False
Does 20 divide 2812480?
True
Is 2 a factor of 75502?
True
Does 17 divide 94860?
True
Is 99135 a multiple of 135?
False
Does 890 divide 11860838?
False
Does 19 divide 5072563?
True
Is 10142604 a multiple of 31?
False
Is 48 a factor of 75168?
True
Is 5847195 a multiple of 15?
True
Is 361 a factor of 12635?
True
Does 5 divide 56502?
False
Is 26 a factor of 2338036?
False
Is 105 a factor of 226905?
True
Does 22 divide 178838?
True
Is 389365 a multiple of 43?
True
Is 33 a factor of 5136945?
True
Does 1731 divide 9369683?
False
Does 353 divide 1747611?
False
Is 15 a factor of 2752892?
False
Is 67915 a multiple of 85?
True
Is 4610983 a multiple of 407?
False
Is 9 a factor of 56851?
False
Does 20 divide 202566?
False
Is 136 a factor of 36720?
True
Is 478 a factor of 4040497?
False
Is 117 a factor of 218322?
True
Is 23244 a multiple of 12?
True
Is 211 a factor of 272190?
True
Is 19 a factor of 1517549?
True
Is 321 a factor of 3491035?
False
Is 356 a factor of 12439352?
True
Is 150 a factor of 286650?
True
Is 2857199 a multiple of 53?
False
Is 619091 a multiple of 11?
True
Is 54 a factor of 7966892?
False
Is 41 a factor of 752801?
True
Does 18 divide 75853?
False
Is 89 a factor of 146494?
True
Is 87 a factor of 547855?
False
Is 7 a factor of 19813?
False
Is 325 a factor of 78753?
False
Is 104 a factor of 31179?
False
Is 241808 a multiple of 8?
True
Is 253320 a multiple of 177?
False
Is 10 a factor of 36220?
True
Is 11 a factor of 6512006?
False
Is 56 a factor of 91263?
False
Is 3 a factor of 574245?
True
Is 28 a factor of 512008?
True
Is 37 a factor of 6259512?
True
Is 363 a factor of 131406?
True
Is 16 a factor of 637797?
False
Is 10681247 a multiple of 671?
False
Is 57945 a multiple of 26?
False
Does 19 divide 401508?
True
Does 10 divide 7031100?
True
Is 145 a factor of 6195995?
True
Is 120374 even?
True
Is 513639 a multiple of 63?
True
Is 90090 a multiple of 18?
True
Is 125 a factor of 247375?
True
Is 191 a factor of 4675107?
True
Is 139665 a multiple of 9?
False
Is 98 a factor of 1279323?
False
Is 8 a factor of 175257?
False
Is 4334496 a multiple of 277?
True
Does 751 divide 507676?
True
Does 37 divide 613275?
True
Is 29 a factor of 175191?
False
Is 63 a factor of 436758?
False
Is 1407427 a multiple of 16?
False
Is 17 a factor of 490382?
True
Is 363764 a multiple of 4?
True
Does 5 divide 75058?
False
Is 675296 a multiple of 47?
True
Does 151 divide 703623?
False
Does 1273 divide 5445894?
True
Does 346 divide 2142468?
False
Does 62 divide 165478?
True
Is 677 a factor of 2986700?
False
Does 140 divide 754040?
True
Is 181 a factor of 78554?
True
Is 4321400 a multiple of 2635?
True
Does 589 divide 814501?
False
Is 214244 a multiple of 34?
False
Is 413998 a multiple of 11?
False
Does 495 divide 635085?
True
Does 1139 divide 22426401?
False
Is 3 a factor of 1598281?
False
Does 375 divide 10125?
True
Is 388 a factor of 1762296?
True
Is 66415 a multiple of 108?
False
Does 545 divide 401120?
True
Is 247 a factor of 4058572?
False
Is 39 a factor of 88362?
False
Does 106 divide 220203?
False
Is 1562910 a multiple of 6?
True
Is 8 a factor of 16436514?
False
Is 26675 a multiple of 5?
True
Is 139772 a multiple of 94?
False
Does 9 divide 593676?
True
Is 331038 a multiple of 4?
False
Is 52 a factor of 471025?
False
Does 70 divide 220258?
False
Does 64 divide 38144?
True
Is 11 a factor of 306071?
False
Does 274 divide 53430?
True
Is 10 a factor of 1013?
False
Does 40 divide 221440?
True
Is 73755 a multiple of 447?
True
Is 137 a factor of 19317?
True
Is 27 a factor of 8286354?
True
Is 10 a factor of 1202251?
False
Is 10986669 a multiple of 333?
True
Is 6 a factor of 357936?
True
Does 19 divide 1218387?
False
Is 497800 a multiple of 760?
True
Is 124434 a multiple of 11?
False
Does 30 divide 22296300?
True
Is 450 a factor of 2048649?
False
Is 3455405 a multiple of 23?
True
Does 115 divide 58536?
False
Is 23 a factor of 56045?
False
Is 98 a factor of 136416?
True
Does 10 divide 527018?
False
Does 21 divide 469728?
True
Is 4108104 a multiple of 756?
True
Is 4 a factor of 377767?
False
Does 5 divide 11769?
False
Is 113890 a multiple of 69?
False
Is 92 a factor of 49404?
True
Is 206815 a multiple of 32?
False
Does 36 divide 27194293?
False
Does 13 divide 67652?
True
Is 51 a factor of 795345?
True
Does 94 divide 221328?
False
Does 35 divide 562135?
True
Is 144 a factor of 175407?
False
Is 5 a factor of 148185?
True
Does 19 divide 1703844?
True
Does 357 divide 702576?
True
Is 449 a factor of 1650973?
True
Is 165 a factor of 1999597?
False
Does 75 divide 3475350?
True
Does 50 divide 258112?
False
Is 25498 a multiple of 228?
False
Is 3 a factor of 39886?
False
Is 33 a factor of 229350?
True
Does 49 divide 180810?
True
Is 36 a factor of 196324?
False
Is 24 a factor of 4578144?
True
Does 50 divide 346900?
True
Is 645 a factor of 480054?
False
Is 27241594 a multiple of 130?
False
Is 3 a factor of 602256?
True
Does 182 divide 621712?
True
Does 93 divide 3130008?
True
Is 869266 a multiple of 15?
False
Is 40 a factor of 566280?
True
Is 789 a factor of 14500241?
False
Is 10 a factor of 11845818?
False
Is 78130 a multiple of 65?
True
Does 25 divide 16225?
True
Is 434312 a multiple of 4?
True
Does 10 divide 37350?
True
Is 8528483 a multiple of 10?
False
Is 11 a factor of 304229?
False
Is 22 a factor of 202268?
True
Is 4610312 a multiple of 11?
False
Is 5084530 a multiple of 68?
False
Is 569 a factor o